 + 30 = -4*z. Let h = 6 - 7. Let v(p) = -7*p. Let n be v(h). Calculate the greatest common divisor of m and n.
7
Let t(z) = -z + 1. Let j be t(-2). Suppose 5*c + 2 = -4*q - 5, 2*q - j*c - 13 = 0. Let n be 1/(2/16) - 2. Calculate the highest common divisor of q and n.
2
Let c = 23 - 48. Let i = c - -48. Let s = 77 + -31. What is the highest common divisor of i and s?
23
Let i = -2210 + 2230. Calculate the greatest common factor of 2500 and i.
20
Suppose 4*i + 5*b = i + 5773, 0 = -b + 2. What is the highest common divisor of i and 17?
17
Let x = -65 + 88. Calculate the greatest common factor of 161 and x.
23
Let c = -1480 + 1549. Calculate the highest common divisor of 23 and c.
23
Let k(n) = -n**3 - 4*n**2 + n + 4. Let g be k(-6). Let i = -613 - -623. What is the highest common factor of i and g?
10
Let k(m) = -13*m + 936. Let b be k(33). Calculate the greatest common divisor of 78 and b.
39
Suppose -2*p + 60 = 5*j, -j - p = -0 - 15. What is the greatest common divisor of 80 and j?
10
Let q be 27/6*312/18. Let x = 197 - q. Calculate the greatest common divisor of x and 17.
17
Suppose 4 = -4*w, -o - 4*w + 26 = 4*o. Suppose 3*d + 87 = 3*p, -5*p - o*d + 145 = -4*d. What is the greatest common divisor of 203 and p?
29
Let b(w) = -w**3 + 9*w**2 - 6*w - 9. Let z be b(8). Let f = 18 - 11. What is the highest common divisor of f and z?
7
Let h(z) = 21*z**2 - 12*z - 13. Let w be h(-2). Calculate the greatest common divisor of w and 38.
19
Suppose 5*b + 115 = i, 0 = -i - 0*i + 3*b + 109. Let z be (-56)/98 + 432/21. What is the highest common factor of z and i?
20
Let f = -179 - -619. Let n = 882 + -842. Calculate the greatest common factor of n and f.
40
Let d(w) = -66*w + 4. Suppose -2 + 12 = -10*v. Let z be d(v). Calculate the greatest common divisor of z and 14.
14
Let v be ((-4)/(14 - 2))/((-30)/2700). Calculate the greatest common divisor of 1240 and v.
10
Suppose -2*b = -5*b + 36. Let u = b + -10. Let r be 4*u*(9 - 7). What is the highest common factor of r and 24?
8
Let o = 9 - 4. Suppose 16*m - 86 = 154. Calculate the highest common factor of m and o.
5
Suppose 18*j - 16*j = 36. Suppose 30 = 2*t + j. Let d be t - -4 - 2 - 4. Calculate the highest common divisor of d and 36.
4
Suppose -3*f - 10 = 2, 4*t - 96 = f. Let w = -10 + t. What is the highest common factor of w and 208?
13
Let w be 24/28*1/(6/28). Suppose -71 = -w*p - 23. Let r = 60 - -24. What is the greatest common divisor of p and r?
12
Let o = 35 + -17. Suppose l - 3*a = -7, -2*l + 5*a + 2 = 16. Let y be (l + 6)/((-2)/o). Calculate the highest common divisor of y and 1.
1
Suppose 2*z - 340 = 2*k, -3*z - 32 = k - 522. What is the greatest common divisor of 45 and z?
15
Let u(i) = i**2 + 5*i + 9. Let p be u(-4). What is the highest common divisor of 5 and p?
5
Suppose r = 4*u - 19 - 7, -5*u + 2*r = -34. Let l(s) = -3*s - 27. Let o be l(-11). What is the highest common divisor of u and o?
6
Suppose 5*r + 4*b - 75 = 0, -14 + 0 = r - 5*b. Let k = 1 + r. Suppose 9*c + 11*c - 2640 = 0. Calculate the highest common factor of k and c.
12
Let l be ((-13)/((-156)/144))/(12/27). Let m(h) = -5*h - 2. Let v be m(-4). Calculate the greatest common factor of v and l.
9
Let a = -547 - -571. Let h = 1 + 1. Let s be 6 + -1 - h/2. Calculate the highest common divisor of s and a.
4
Let p be 120/(-24) - (2 + -1). Let s be p*-14*2/(-9)*-3. Calculate the greatest common factor of s and 42.
14
Let t(j) = 28*j**3 - 3*j**2 - 3*j + 4. Let n be t(2). Suppose 18*x - n = 12*x. Calculate the highest common factor of 21 and x.
7
Let v = -3 - -5. Let w = -33 + 37. Calculate the highest common divisor of w and v.
2
Suppose 2*l - o = 6, 18 = 4*l - 0*o + o. Let c = 213 - 235. Let f(q) = -q**2 - 20*q + 76. Let h be f(c). Calculate the highest common divisor of h and l.
4
Let c be (-5*(-2 + 1))/(-1). Let h(w) = -14*w + 2. Let t be h(c). Suppose -3*v + t - 18 = 0. Calculate the highest common divisor of 72 and v.
18
Let s be 12678/28 + (-546)/(-2548). Calculate the highest common factor of 1057 and s.
151
Let a = 9 + -5. Let r(w) = 5*w**3 - 5*w**2 - 5*w + 5. Let z be r(a). Calculate the highest common divisor of 25 and z.
25
Let r(z) = 2*z - 9. Let s(t) = -5*t**3. Let y be s(-1). Let m be r(y). Calculate the highest common divisor of 6 and m.
1
Let a be 968/24 + 6/9. Let k = -39 + a. Let w(p) = -2*p**3 - 4*p**2 + 2*p + 2. Let x be w(-3). What is the highest common factor of k and x?
2
Let z(m) = 419*m - 45. Let o be z(1). What is the highest common factor of 22 and o?
22
Suppose -c + z = -0*c - 13, -z = -4*c + 37. Suppose 5*u + 364*b - 359*b = 540, -2*u + 204 = -b. Calculate the greatest common factor of c and u.
8
Let p = 616 + -577. Let q(m) = m**2 - 2*m + 4. Let k be q(-5). Calculate the highest common divisor of p and k.
39
Let p(b) = -77*b - 10. Let k be p(-4). Let d be (-1)/(-3) + k/6. What is the highest common divisor of d and 25?
25
Suppose 3*s + 2*q = -62, -q = 3*s - 14 + 72. Let d be (-60)/s + 1/(-3). Let t(v) = 2*v - 10. Let m be t(8). Calculate the highest common factor of m and d.
3
Let v be (11 + -3 - -4)/1. Calculate the greatest common divisor of 4 and v.
4
Suppose 2*j + 5*z - 148 = -33, -4*z = -2*j + 124. Calculate the greatest common divisor of 390 and j.
30
Suppose 0 = -4*k - 4*m + 12, -5*m + 2*m = k - 5. Let j be (1 - (1 + -1))/(k/266). What is the highest common factor of 38 and j?
19
Let h = -86 - -58. Let k = h - -31. Calculate the greatest common divisor of 1 and k.
1
Let z = -934 + 1921. Calculate the greatest common divisor of 21 and z.
21
Suppose 461*i + 5344 = 477*i. What is the highest common factor of 1169 and i?
167
Let c(b) = 18*b**2 - 16*b**2 + 0 + 4 + 3*b. Let h be c(-2). Calculate the highest common factor of h and 4.
2
Let c = 384 + -345. Calculate the greatest common factor of 52 and c.
13
Let w = -481 - -1011. What is the highest common factor of w and 40?
10
Let y be (3 - 0)/(6/64). Let g = 842 - 586. Calculate the greatest common factor of g and y.
32
Let u be 164/10 + (6/10 - 1). Suppose -u*i + 63 + 177 = 0. Calculate the highest common factor of i and 135.
15
Suppose -3*n = -2*v + 2994, 3*v + 2*n = 4*v - 1497. Suppose 4*p = -353 + v. Let c be (-3)/7 - 740/(-28). What is the greatest common divisor of p and c?
26
Let x = -1695 - -2689. What is the highest common divisor of x and 14?
14
Let y be (-4)/((-3)/(9/10))*15. Let f be (-4 + 10)*30/4. What is the highest common factor of y and f?
9
Let h = 566 + -406. What is the highest common divisor of h and 60?
20
Suppose 2*m = -2*m. Suppose -7*h + 3*h + 12 = m, 2*f - 4*h = -32. Let v(k) = k**2 + 11*k + 13. Let a be v(f). Calculate the highest common factor of 3 and a.
3
Let g = 405 + -401. What is the highest common divisor of 292 and g?
4
Suppose 260*n + 5*b - 755 = 255*n, -2*n + 4*b = -332. Let k = 9 - -3. What is the highest common factor of n and k?
12
Suppose 5*p - 20 = -n, 0 = -p - 0*p + 4*n + 4. Suppose i + i - 2*w = 6, p*i = -2*w + 12. Calculate the highest common divisor of i and 3.
3
Let k = -1308 + 1364. What is the greatest common divisor of k and 308?
28
Let p(u) = u + 19. Let n be p(-11). What is the greatest common divisor of 32 and n?
8
Suppose -5*u - 45 = -t, 4*t - 304 + 58 = -2*u. Suppose -r + 3*g = -52, g + 100 = 2*r - 4*g. Calculate the greatest common divisor of t and r.
20
Suppose 11*c + 5*c = 208. Suppose c*q + 891 = 22*q. What is the highest common divisor of 9 and q?
9
Let v = -61 + 66. Suppose -30 = -v*d - 10. Calculate the highest common divisor of d and 14.
2
Suppose -5*x = -4*r - 664, 0*x - 2*r - 134 = -x. Let j be (23 + 0)*1*(1 - -2). Suppose -64*v + j*v = 110. Calculate the greatest common factor of v and x.
22
Let p(c) = 29*c**2 + 3*c + 2. Let d be p(-1). Calculate the highest common factor of d and 36.
4
Let q = 140 + -100. Calculate the highest common divisor of 70 and q.
10
Let i be 6/15 - 63/(-5). Let y = 48 - i. Let v be (-3 - (-3 - 0)) + y. What is the highest common divisor of 280 and v?
35
Suppose 6*q - q = 0. Let c be ((-195)/26)/(q - 3/42). What is the highest common factor of 35 and c?
35
Let c = 36 - 32. Suppose -2*h = -2*v + h + 8, 3*h - 16 = -c*v. Calculate the highest common factor of 44 and v.
4
Suppose 0 = -l + 209 + 77. Calculate the highest common divisor of 39 and l.
13
Suppose 0 = 4